451730070 a multiple of 66?
True
Is 226117476 a multiple of 873?
True
Does 3230 divide 694838258?
False
Is 203446368 a multiple of 348?
True
Does 81 divide 44570655?
True
Is 145 a factor of 520225032?
False
Does 1021 divide 2438090824?
True
Is 38 a factor of 8341304?
True
Does 3 divide 3560869?
False
Does 27 divide 558165334?
False
Does 144 divide 108021268?
False
Does 1656 divide 5606996?
False
Does 84 divide 3451140?
True
Is 21872186 a multiple of 1567?
True
Is 306388042 a multiple of 6184?
False
Is 609623222 a multiple of 331?
True
Does 21 divide 117682866?
True
Is 22890676 a multiple of 1493?
True
Is 847612659 a multiple of 266?
False
Is 703653753 a multiple of 33?
True
Is 14 a factor of 702767793?
False
Is 20 a factor of 220558260?
True
Does 1601 divide 138961997?
True
Is 1572748903 a multiple of 71?
True
Does 1127 divide 246616902?
True
Does 12 divide 490172964?
True
Does 721 divide 6303703?
True
Is 38 a factor of 155352640?
False
Is 839143018 a multiple of 939?
False
Is 26085287 a multiple of 3?
False
Does 110 divide 169521903?
False
Is 357937960 a multiple of 1748?
True
Is 2253150 a multiple of 6?
True
Does 804 divide 71744293?
False
Does 106 divide 59549663?
False
Is 66799021 a multiple of 8?
False
Is 1087298970 a multiple of 142?
True
Is 13475169 a multiple of 85?
False
Does 69 divide 3210238?
False
Is 401 a factor of 47163790?
False
Does 3 divide 9250423?
False
Does 1220 divide 361559200?
True
Is 12583589 a multiple of 2126?
False
Is 7 a factor of 203602343?
True
Is 263598302 a multiple of 25?
False
Does 11 divide 1556058680?
True
Does 2505 divide 1540837716?
False
Is 49 a factor of 26531935?
False
Is 39645975 a multiple of 41?
True
Is 256 a factor of 1387382639?
False
Does 44 divide 29729528?
False
Does 47 divide 2495747?
True
Is 102 a factor of 194356833?
False
Is 2507 a factor of 187335575?
True
Does 13 divide 4372726683?
True
Is 4310287811 a multiple of 808?
False
Does 1567 divide 50160142?
False
Is 21 a factor of 75572406?
True
Does 5751 divide 1579799101?
False
Does 13 divide 26146497?
True
Is 2166635 even?
False
Does 186 divide 14777700?
True
Is 3116865000 a multiple of 1438?
True
Does 24 divide 55844616?
True
Is 31858946 a multiple of 278?
False
Does 1428 divide 47382468?
True
Does 13 divide 16290508?
True
Is 17 a factor of 359243781?
False
Is 42 a factor of 474488047?
False
Is 48254850 a multiple of 175?
True
Does 30 divide 5250703530?
True
Does 223 divide 98383363?
True
Does 15 divide 339500636?
False
Is 2167 a factor of 211670393?
True
Is 14248463 a multiple of 68?
False
Is 107199120 a multiple of 48?
True
Is 82 a factor of 31367870?
True
Is 29 a factor of 539085215?
False
Does 456 divide 26261040?
True
Does 213 divide 6841125?
False
Is 297030630 a multiple of 1065?
True
Is 160480424 a multiple of 210?
False
Is 3528 a factor of 652993429?
False
Is 697 a factor of 17550460?
True
Is 634121000 a multiple of 344?
True
Does 63 divide 2804405?
False
Does 37 divide 385036410?
False
Is 19 a factor of 12247765?
False
Does 3661 divide 320344354?
False
Is 3161 a factor of 93736294?
True
Is 55830175 a multiple of 229?
False
Is 129117989 a multiple of 7?
True
Does 329 divide 36134413?
False
Does 17 divide 4096554532?
True
Is 1711436459 a multiple of 15?
False
Does 1523 divide 4873571063?
True
Does 242 divide 646890684?
True
Does 8 divide 28692472?
True
Does 11 divide 120377059?
True
Is 20997385 a multiple of 2?
False
Is 12217156 a multiple of 109?
True
Does 836 divide 56080353?
False
Does 2106 divide 3708651258?
True
Is 2387 a factor of 3445445927?
True
Does 36 divide 20122298?
False
Is 86 a factor of 168021298?
False
Is 74213344 a multiple of 32?
True
Is 13 a factor of 4996303?
True
Is 2998983356 a multiple of 1161?
False
Is 72240705 a multiple of 34?
False
Is 159 a factor of 4917711?
True
Does 989 divide 50617916?
False
Does 11 divide 235860504?
True
Does 16 divide 109177968?
True
Is 23 a factor of 3643290251?
False
Is 77778780 a multiple of 72?
False
Is 22069871 a multiple of 2824?
False
Is 32 a factor of 84887520?
True
Is 13 a factor of 87138724?
False
Is 47 a factor of 40556770?
True
Is 35125354 a multiple of 10?
False
Does 5 divide 10367146?
False
Does 35 divide 331123642?
False
Does 2612 divide 447707248?
True
Does 602 divide 43386140?
True
Is 2522284 even?
True
Is 4522464 a multiple of 369?
True
Is 111799854 a multiple of 46?
False
Does 28 divide 31326400?
True
Is 783 a factor of 25740342?
True
Does 148 divide 195394336?
True
Is 2100 a factor of 1622563957?
False
Does 943 divide 6018581511?
True
Is 2008555 a multiple of 6?
False
Is 361 a factor of 3844766603?
True
Is 318 a factor of 13621848?
True
Does 1293 divide 9439462?
False
Is 3702418384 a multiple of 14?
True
Is 10 a factor of 25801158?
False
Does 504 divide 836795371?
False
Is 328 a factor of 678807376?
False
Does 151 divide 399206099?
True
Is 3 a factor of 2746684?
False
Is 97 a factor of 27516370?
False
Is 45 a factor of 1547792685?
True
Is 338945451 a multiple of 171?
False
Is 44 a factor of 57353986?
False
Is 16545984 a multiple of 312?
True
Does 395 divide 65034775?
True
Does 10 divide 87738060?
True
Is 881749581 a multiple of 159?
False
Is 1690798767 a multiple of 11?
False
Is 106 a factor of 367265095?
False
Does 20 divide 59282080?
True
Does 46 divide 17766442?
True
Is 37 a factor of 5487490?
False
Is 2455546892 a multiple of 26?
False
Does 3 divide 13280703?
True
Is 293 a factor of 4364821?
True
Is 34108166 a multiple of 1308?
False
Is 4401262885 a multiple of 19?
True
Does 856 divide 597479442?
False
Is 24512113 a multiple of 953?
True
Is 2837 a factor of 686553911?
False
Is 1713321243 a multiple of 6555?
False
Does 65 divide 473533699?
False
Is 359 a factor of 19283685?
True
Is 2718 a factor of 5446491480?
True
Is 4674 a factor of 56705138?
False
Is 11 a factor of 20393417?
True
Is 62071100 a multiple of 1900?
True
Is 55 a factor of 185697655?
True
Does 102 divide 126809569?
False
Is 17301344 a multiple of 16?
True
Is 9 a factor of 83267511?
False
Is 1594857 a multiple of 17?
False
Is 87 a factor of 1681397?
False
Does 108 divide 6297022728?
True
Does 2093 divide 536190?
False
Does 190 divide 112317863?
False
Is 290 a factor of 25721284?
False
Is 200062862 a multiple of 82?
True
Is 662467904 a multiple of 448?
True
Is 55 a factor of 174758485?
True
Does 752 divide 3235285?
False
Does 303 divide 274822212?
True
Is 2299245168 a multiple of 48?
True
Is 27 a factor of 19155717?
True
Does 14 divide 313726?
True
Does 9 divide 535291889?
False
Does 98 divide 181990312?
True
Does 649 divide 367656213?
False
Is 4454869400 a multiple of 100?
True
Does 237 divide 43665354?
True
Is 2485 a factor of 37097365?
False
Does 10 divide 12393040?
True
Is 2294 a factor of 590759864?
False
Is 58605480 a multiple of 10?
True
Is 183585 a multiple of 5?
True
Does 23 divide 185050070?
False
Is 245 a factor of 7926075?
False
Is 1107 a factor of 41718402?
True
Is 44462495 a multiple of 7?
True
Does 95 divide 165801220?
True
Is 314 a factor of 208742140?
False
Is 2520762766 a multiple of 29?
True
Does 2 divide 854753?
False
Is 1792 a factor of 1187554816?
True
Is 1019293860 a multiple of 20?
True
Is 89801405 a multiple of 185?
True
Is 50 a factor of 977844921?
False
Is 3385 a factor of 341065830?
True
Does 7 divide 481602681?
True
Is 124693200 a multiple of 1200?
True
Is 97 a factor of 2334790?
True
Is 1341 a factor of 172582677?
True
Is 290695984 a multiple of 158?
True
Does 10 divide 194905640?
True
Is 3946 a factor of 436068514?
True
Is 93207132 a multiple of 1242?
True
Is 128065000 a multiple of 28?
True
Does 45 divide 246690?
True
Does 16 divide 93339901?
False
Is 32 a factor of 68500768?
True
Is 1202 a factor of 17085067?
False
Does 107 divide 8941990?
True
Is 1214 a factor of 8697534?
False
Does 30 divide 46151460?
True
Does 177 divide 2850231?
True
Is 169250364 a multiple of 9?
True
Is 4832953 a multiple of 3?
False
Does 44 divide 907070780?
True
Is 2307349716 a multiple of 13954?
True
Is 28 a factor of 50679076?
True
Does 101 divide 1322231299?
True
Does 81 divide 112496770?
False
Is 1794 a factor of 38875980?
True
Is 140 a factor of 8495819?
False
Is 197 a factor of 26714727?
False
Is 6 a factor of 112705526?
False
Is 172337901 a multiple of 947?
True
Does 9 divide 7152590